emainder when 161 is divided by i?
29
Suppose -14 + 22 = 4*n. Calculate the remainder when 34 + -19 - (1 - n) is divided by 1 + 5 - (-3 - 0).
7
Suppose -47*z - 39 = -5*d - 48*z, -3*z + 52 = 2*d. Let q = -101 - -352. Calculate the remainder when q is divided by d.
1
Let g = 6358 + -6351. What is the remainder when 309 is divided by g?
1
Let k = 4566 + -3440. Calculate the remainder when k is divided by 281.
2
Let g = 6349 - 6318. What is the remainder when 7904 is divided by g?
30
Let s(f) = 9*f - 26. Let g = -397 + 401. Calculate the remainder when 34 is divided by s(g).
4
Suppose 1922 = -24*g + 3386. Suppose 0 = 2*m - 2 - 14. What is the remainder when g is divided by m?
5
Let s = 213 - 210. Let x be (4/1)/(0 - -1). Suppose -s*k + 7*k = 4*b + 40, -3*k + 30 = x*b. Calculate the remainder when k is divided by 6.
4
Let j(i) = 41*i - 4. Let l(h) = -41*h + 4. Let w(c) = -3*j(c) - 4*l(c). What is the remainder when w(2) is divided by 20?
18
Let w(k) = -2*k**3 - 16*k**2 + 15*k - 15. Calculate the remainder when 199 is divided by w(-9).
7
Let s(p) = -18*p - 4. Calculate the remainder when 136 + -1 - (375/35 + 16/56) is divided by s(-4).
56
Suppose 0 = 3*x + q - 39, -6*x - 5*q = -11*x + 105. Calculate the remainder when 222 is divided by x.
12
Let c = -369 + 366. What is the remainder when 426 is divided by (3*c/(-18))/(5/720)?
66
Let y(c) be the third derivative of -1/24*c**4 + 0 + 1/120*c**6 + 0*c**5 + 0*c - c**2 - 1/6*c**3. Calculate the remainder when 64 is divided by y(3).
18
Let u(f) = -284*f**2 + 7*f - 6. Let h be u(1). Let r = 385 + h. Calculate the remainder when r is divided by 27.
21
Let x(q) = -2*q + 18. Suppose 2*c - 9*c + 56 = 0. Let j be x(c). What is the remainder when 67 is divided by j - (-9)/(-4) - (-685)/20?
33
Let r(h) = h**3 + 7*h**2 - 20*h - 14. Let s be r(-9). Suppose 3*q - q = m + 101, -s*q + 4*m = -192. Calculate the remainder when 210 is divided by q.
51
What is the remainder when 174 is divided by (-66 - -3)*(-57)/133?
12
Suppose 0 = -4*f + 2*v + 3694, 2*f - 3*v - 1686 = 159. Let s = -820 + f. Calculate the remainder when 934 is divided by s.
102
Let r(k) = 2*k**3 + 45*k**2 - 14*k + 417. Calculate the remainder when 1058 is divided by r(-23).
8
Suppose c = -k - 2*k + 19, 3*c = 5*k - 13. Suppose -2*z + c*f + 0 = -48, 0 = -4*z + f + 61. What is the remainder when 0 - -4*(-57)/(-6) is divided by z?
10
Suppose -4*j = -4*z + 1416 - 1304, -2*j = -3*z + 88. What is the remainder when 1978 is divided by z?
26
Let h(r) = 15*r + 416. Suppose -25*a = -23*a - 22. What is the remainder when h(-25) is divided by a?
8
Let q = -162 - -290. Let c(h) = -h**2 - 20*h - 52. What is the remainder when q is divided by c(-16)?
8
Let z = 5294 + -5148. What is the remainder when z is divided by 55?
36
Let y = -11609 - -11685. What is the remainder when 830 is divided by y?
70
Let y(g) = g**2 + 2*g - 23. Let w = -47 + 35. Let d(l) = 7*l + 4. What is the remainder when y(w) is divided by d(3)?
22
Suppose 138*v + 116380 = 160*v. Calculate the remainder when v is divided by 27.
25
Let w = 67 - 63. Suppose -w*j = k - 224 - 75, 4*k + 4 = 0. Suppose 5*f = -5*v + 155, -3*f + 6*f = -2*v + 88. What is the remainder when j is divided by f?
23
Let o(v) = v**3 - 6*v**2 + 4*v + 12. Let d be o(10). Calculate the remainder when 1252 is divided by (1 - 16/10) + d/20.
20
Suppose -4*z + 5*f = -1557, -5*z - 7*f = -3*f - 1936. Calculate the remainder when z is divided by 5.
3
Let w be 6 + 4088/21 - 2/3. Suppose -11*y + 64 = -w. Calculate the remainder when 145 is divided by 2/(-12) - (-892)/y.
34
Let s = 280 + -412. Let f = 199 + s. What is the remainder when 332 is divided by f?
64
Suppose x + 74 = 3*v, -4*v + 19*x - 12*x = -76. What is the remainder when 6/((1/6)/((-355)/(-45))) is divided by v?
24
Let x = -3179 + 3231. Let c(u) = -2*u. Calculate the remainder when x is divided by c(-4).
4
Let n(p) = p**3 - 5*p**2 + 5*p - 6. Suppose -14*d + 1556 + 7040 = 0. Let m = d - 609. What is the remainder when n(5) is divided by m?
4
Calculate the remainder when 479 + -6 + -1 + -6 is divided by 116.
2
Let s(w) = -w**3 + 16*w**2 - 13*w + 41. Let f be (-89)/(-9) + 7*2/126. What is the remainder when s(f) is divided by 86?
81
Suppose 302*n + 331000 = 502*n. Calculate the remainder when n is divided by 9.
8
Let w be (5 + 497)/(-12 - -13). Let i = -366 + w. Calculate the remainder when i is divided by 36.
28
Let r = -75 + 107. Calculate the remainder when -5 - -9 - (4 + -2 - r) is divided by 13.
8
Suppose -2*b - 18 = 2 - 54. Suppose 3*m = -u + 36, -4*u - 3*m + 157 = -4*m. What is the remainder when u is divided by b?
5
Let j = -108 + 76. Let p(q) = -4*q - 76. Suppose 7 = l - 7. Calculate the remainder when p(j) is divided by l.
10
Suppose 179*i - 43*i + 166*i - 16006 = 0. Calculate the remainder when 6675 is divided by i.
50
Let n = 339 - 324. What is the remainder when (-918)/12*(-8)/6 is divided by n?
12
Let i = -136 - -286. Suppose -2*l - i = 2*j, -j = -l + 57 + 18. Let c = -60 - j. Calculate the remainder when 87 is divided by c.
12
Let t be (-624)/32*8/6. Let z(m) = -3*m - 69. What is the remainder when 61 is divided by z(t)?
7
Let f be (-2)/4*11/((-33)/180). Suppose 7*t + f = 13*t. Suppose 3*c - 80 = -t*g, 3*c + 14 - 114 = 5*g. Calculate the remainder when 88 is divided by c.
28
Calculate the remainder when (800/50)/(1*-1)*129/(-12) is divided by 164.
8
Suppose 0*i = -3*f - 5*i, -5*f = 4*i. Let w(y) = 8*y**2 + 2*y + 22. Let t(d) = -8*d - 5. What is the remainder when t(-5) is divided by w(f)?
13
Let f(v) = -25*v + 147. Let c = -266 + 271. What is the remainder when f(c) is divided by 7?
1
Let z(k) = k**3 + 6*k**2 - 8*k - 3. Let r(s) = 28*s - 303. What is the remainder when r(14) is divided by z(-7)?
1
Let u(k) = -251*k + 1527. What is the remainder when 58 is divided by u(6)?
16
Suppose -18*z = 3*c - 4503, z - 3346 = -3*c + 1225. What is the remainder when c is divided by 14?
13
Calculate the remainder when 371 is divided by (-6)/(-15)*1 + 29/(870/1848).
61
Let v = 182 - 180. What is the remainder when (46 - (3 - v))/(6/16) is divided by 18?
12
What is the remainder when 284 is divided by (-2)/4 + 1/8*372?
8
Let i(l) = 6*l + 4 + 9 - 18 + 6 + 31*l**2. Calculate the remainder when 63 is divided by i(-1).
11
Let x(y) = -243*y - 4460. Calculate the remainder when 1197 is divided by x(-20).
397
Let d(h) = -2*h**2 + 35*h - 1. Let q be d(8). Suppose 0 = l - q + 58. Let o = -62 + l. What is the remainder when 59 is divided by o?
28
Let f be ((-9)/27)/((-1)/42). Suppose -2*d - f = -4, -3*h - 35 = -5*d. Calculate the remainder when 108 is divided by 44/11 - (h + 2).
20
Suppose 2*s + 28 = 2*o, -1 = -2*s + 1. Let t(d) = 46*d**2 - 7*d + 48. Let v be t(4). What is the remainder when 20/(-15)*(v/(-16) - -3) is divided by o?
14
Suppose 4*o + 5 = 45. Suppose -4*c + 12 = 0, 5*c + 149 = 3*w - 187. Calculate the remainder when w is divided by o.
7
Let q = 1603 - 1415. Calculate the remainder when q is divided by 63.
62
Suppose 0*g = -g + 5. Suppose -5*u - 5*s = -0*u - 75, g*s - 18 = -2*u. What is the remainder when 35 is divided by u?
16
Suppose -4*x + 116 = -6*u + 9*u, x + 34 = u. What is the remainder when 403 is divided by u?
7
Suppose -c + 6*z = -293 - 95, 0 = 4*c + 4*z - 1664. What is the remainder when 824 is divided by c?
0
Let h = -197 - -202. Suppose 4*z + 9 = -11, -4*b - h*z + 7411 = 0. What is the remainder when b is divided by 19?
16
Suppose 25*l = 60*l - 105. Suppose -4*t + 52 = -50*u + 52*u, l*u = 4*t + 48. Calculate the remainder when u is divided by 16.
4
Let h = 507 + -502. What is the remainder when (-10)/h*((-7461)/2)/9 is divided by 26?
23
Suppose b + b = 4. Suppose -101 - 117 = -2*l - 4*w, 4*w + 186 = b*l. What is the remainder when l is divided by 39 + 10 + (-165)/11?
33
Calculate the remainder when (88 - 63)*(0 + 635) is divided by 21.
20
Suppose 10*p + 614 = 138 + 3326. Calculate the remainder when p is divided by 174.
111
Calculate the remainder when 544 is divided by 11*((-105)/21 - -20).
49
Let m(a) = a**3 + 186*a**2 - 388*a - 1957. Calculate the remainder when 1212 is divided by m(-188).
16
Suppose 0*v - 1640 = -3*v - q, v - 544 = q. What is the remainder when 1100 is divided by v?
8
Suppose 0 = 2*o - 4. Suppose -k + i - 8 = -i, -o*k - 2*i = -14. Suppose -f - k + 